0066 (base 8) to base 10.
-1421366
What is -1421001 (base 8) in base 16?
-62201
Convert 21012221022220 (base 3) to base 12.
1350573
What is 20120020201100 (base 3) in base 16?
353c13
355a3b (base 13) to base 9
2344264
Convert -1153258 (base 10) to base 6.
-40415054
What is -210aa (base 15) in base 5?
-11323120
-10022010302 (base 4) to base 7
-12156245
Convert 21021212121 (base 3) to base 14.
3a437
Convert 22842 (base 11) to base 5.
2023313
Convert -101001120221222 (base 3) to base 7.
-63303134
What is 38755 (base 11) in base 8?
154266
What is -25784 (base 16) in base 11?
-a5344
1110011011101110010110 (base 2) to base 6
213032314
Convert 824850 (base 10) to base 7.
10003545
What is -137399 (base 14) in base 6?
-22231431
71552 (base 14) to base 2
1000010100101000100
What is 703866 (base 10) in base 4?
2223311322
What is 2133352 (base 7) in base 2?
111111100110101001
Convert -33123231023 (base 4) to base 10.
-4045643
Convert 121012222211 (base 3) to base 5.
40204142
Convert -8a503d (base 14) to base 6.
-244425411
Convert 1675309 (base 10) to base 16.
19902d
Convert 100000110111110101 (base 2) to base 6.
2515205
-107200 (base 9) to base 3
-10021020000
Convert 90ac (base 16) to base 7.
212656
Convert 11000001010101110011 (base 2) to base 6.
24550151
What is 153554451 (base 6) in base 7?
36520612
What is c06eb (base 15) in base 13?
1842c8
What is -20110002311 (base 4) in base 14?
-40a28d
Convert -121320103 (base 4) to base 3.
-12101102001
22011002012 (base 3) to base 9
264065
What is -242365 (base 10) in base 8?
-731275
Convert a4b9b6 (base 12) to base 14.
4b66dc
Convert 5ebfc4 (base 16) to base 15.
829ca1
10011000011100000000 (base 2) to base 8
2303400
Convert -1b6574 (base 12) to base 5.
-111104404
What is -3005213 (base 8) in base 13?
-218255
What is -6311136 (base 7) in base 2?
-10111001010101011111
What is 84cc12 (base 13) in base 11?
1836926
Convert -1211000022022 (base 3) to base 8.
-3534123
-30045 (base 7) to base 8
-16104
-7883207 (base 9) to base 13
-b59312
What is -1c2dc (base 14) in base 7?
-416465
266a416 (base 11) to base 4
101211300031
111011100111010110011000 (base 2) to base 7
246555504
Convert 3809 (base 14) to base 13.
4607
What is -1111001110010110110 (base 2) in base 13?
-1460b8
What is -66616 (base 12) in base 2?
-100001000111110010
What is -294316 (base 14) in base 4?
-11131312100
-11000001000011001011 (base 2) to base 9
-1434610
-142c31 (base 13) to base 6
-14313435
-5fef7 (base 16) to base 7
-3224426
What is -2433778 (base 9) in base 15?
-1b18ab
-749480 (base 11) to base 7
-13121042
What is -100000101011111010111 (base 2) in base 11?
-671784
402213214 (base 5) to base 13
440995
10121010112 (base 3) to base 12
34b88
-2225514 (base 6) to base 2
-11011100001010110
Convert -41253230 (base 6) to base 8.
-4422462
Convert -266640 (base 10) to base 5.
-32013030
Convert 20111010011 (base 3) to base 6.
2423004
What is 201471 (base 9) in base 15?
254ca
111122222011 (base 3) to base 11
1740a6
What is -15478ba (base 12) in base 14?
-8089c2
-100102221112000 (base 3) to base 13
-10690a7
-23291 (base 14) to base 10
-85583
Convert -19cbc5 (base 16) to base 3.
-10011220000112
What is -445684 (base 9) in base 16?
-41197
14207364 (base 8) to base 15
437947
Convert -156362 (base 11) to base 8.
-731761
-74630 (base 12) to base 8
-452604
-2035d (base 15) to base 8
-307175
Convert -27655a (base 16) to base 10.
-2581850
-22cc9 (base 15) to base 7
-641202
133003030 (base 4) to base 9
213411
Convert 38c6f3 (base 16) to base 2.
1110001100011011110011
What is 432 (base 5) in base 3?
11100
What is 424440 (base 9) in base 12?
102216
What is 780150 (base 9) in base 14?
c1b49
-765736 (base 8) to base 11
-166098
-1211102011 (base 3) to base 13
-1351c
Convert -3650451 (base 7) to base 4.
-1301301222
Convert -7aa323 (base 11) to base 8.
-4722451
-7107951 (base 10) to base 6
-412203103
-351442 (base 8) to base 6
-2321350
Convert -10111110000000111001 (base 2) to base 14.
-1638c9
Convert 64935 (base 12) to base 8.
403071
Convert 11101011101011000 (base 2) to base 10.
120664
-891529 (base 10) to base 4
-3121222021
What is -23346 (base 8) in base 10?
-9958
Convert 505b67 (base 13) to base 9.
3458284
What is 68b326 (base 13) in base 8?
11355470
What is -121103203233 (base 4) in base 14?
-c49767
44313140 (base 6) to base 8
5050764
Convert -68a944 (base 12) to base 6.
-55542124
-1256867 (base 9) to base 16
-a7d43
-19695 (base 13) to base 7
-264141
What is -220130044 (base 5) in base 2?
-11100110000110111100
Convert -2233bb (base 16) to base 9.
-4185638
What is -3372530 (base 8) in base 5?
-213233101
Convert -2ad57 (base 15) to base 4.
-201230113
14425600 (base 7) to base 11
854a29
What is 214980 (base 10) in base 16?
347c4
-1753443 (base 12) to base 9
-10082466
What is 1a87602 (base 13) in base 12?
2b3783a
What is 54208a (base 14) in base 3?
12100201021002
Convert a6546b (base 12) to base 7.
31200263
What is 33300122 (base 4) in base 3?
10021112022
365068 (base 15) to base 5
1131130343
-131485a (base 13) to base 6
-332054412
What is 4117e (base 16) in base 15?
53eec
Convert 305776 (base 8) to base 12.
4a7ba
What is b046a (base 14) in base 10?
423454
What is -223332023 (base 5) in base 15?
-14a128
4bd4 (base 15) to base 7
65104
What is 53515211 (base 6) in base 9?
2868627
-d7672 (base 15) to base 12
-28b45b
Convert 163972 (base 12) to base 13.
103b56
Convert -be74a (base 15) to base 6.
-20552254
2010120021 (base 3) to base 14
11417
Convert 22540202 (base 9) to base 13.
2365391
723223 (base 8) to base 6
5043351
What is -6675108 (base 9) in base 8?
-15550631
What is -345463 (base 7) in base 12?
-2ba51
101110000000010010011 (base 2) to base 8
5600223
Convert 15251354 (base 8) to base 6.
202522512
What is 73805 (base 9) in base 16?
be7f
Convert -19041 (base 16) to base 9.
-165500
Convert -440114043 (base 5) to base 3.
-10112110212201
What is 60108a (base 11) in base 8?
3542067
What is 5908a0 (base 12) in base 4?
11131213320
What is -54be7 (base 15) in base 9?
-450381
What is -17732761 (base 8) in base 5?
-2032102340
What is 1250678 (base 13) in base 14?
a8a17b
-1101010100101101101 (base 2) to base 8
-1524555
Convert -16077 (base 16) to base 10.
-90231
14a9702 (base 12) to base 2
10000000010101010110010
Convert -c2b7 (base 14) to base 15.
-9dc1
What is 100101001011101110 (base 2) in base 5?
14333202
2100442123 (base 5) to base 10
4312163
What is -c36d13 (base 14) in base 5?
-3141310130
What is 2bb88 (base 14) in base 6?
2201552
ccc (base 16) to base 2
110011001100
-ab218 (base 14) to base 10
-414758
What is -746271 (base 16) in base 9?
-15314713
-13602425 (base 7) to base 16
-138119
What is 3086576 (base 9) in base 12?
6779a3
3771282 (base 9) to base 7
23314652
-120301033 (base 4) to base 10
-101455
What is -168a84 (base 11) in base 15?
-5244c
What is -4229326 (base 11) in base 14?
-dbd02a
4140453 (base 7) to base 6
14354013
-2eeb64 (base 16) to base 12
-1043570
What is -1b560c2 (base 13) in base 10?
-9067177
-327604 (base 12) to base 6
-25100004
Convert -101344142 (base 5) to base 10.
-418672
Convert 874bac (base 14) to base 3.
22121221010222
What is 116874 (base 11) in base 6?
3543115
What is -22c261 (base 13) in base 15?
-114d44
Convert -2043645 (base 7) to base 12.
-ba616
What is e8065 (base 15) in base 11?
462940
-d443c (base 14) to base 2
-1111100110011110110
What is 2155015 (base 6) in base 16?
1a873
Convert -54061770 (base 8) to base 14.
-176cb32
Convert 2021 (base 7) to base 11.
588
What is -211440532 (base 6) in base 14?
-6cc756
-978801 (base 15) to base 8
-33420617
33040133 (base 5) to base 10
283793
5181d (base 14) to base 7
1445436
What is -aa6461 (base 13) in base 4?
-33103212331
Convert 44117 (base 11) to base 4.
33220123
What is -4263 (base 11) in base 3?
-21201201
-2a485 (base 12) to base 4
-32200211
Convert 112139 (base 10) to base 15.
2335e
a9d4b (base 16) to base 5
134230002
-304121212 (base 7) to base 2
-1000011110110100010110010
-2881403 (base 9) to base 8
-6037122
-10423042432 (base 5) to base 9
-23628745
Convert -412897 (base 12) to base 8.
-3711563
What is -100110110010100111000 (base 2) in base 11?
-798aa2
Convert 293b482 (base 12) to base 4.
133220233202
437850 (base 9) to base 14
6b511
What is -101110011111010100101 (base 2) in base 15?
-20